{"id":133,"date":"2014-10-07T10:18:13","date_gmt":"2014-10-07T08:18:13","guid":{"rendered":"http:\/\/dfvg.grafrath-staedtepartner.de\/?page_id=133"},"modified":"2025-04-02T14:06:24","modified_gmt":"2025-04-02T12:06:24","slug":"vereinsleben","status":"publish","type":"page","link":"https:\/\/dfvg.grafrath-staedtepartner.de\/?page_id=133","title":{"rendered":"Vereinsleben"},"content":{"rendered":"<p><span style=\"font-family: verdana,geneva;\"><strong><span style=\"color: #000000;\">Deutsch- Franz\u00f6sischer Verein Grafrath<\/span><\/strong><\/span><\/p>\n<p><span style=\"font-family: verdana,geneva;\"><span style=\"color: #3366ff; font-size: 18pt;\"><strong>Stammtisch<\/strong><\/span><\/span><a href=\"http:\/\/dfvg.grafrath-staedtepartner.de\/wp-content\/uploads\/2014\/10\/Dampfschiff_web.jpg\"><img loading=\"lazy\" decoding=\"async\" class=\"alignright wp-image-290\" src=\"http:\/\/dfvg.grafrath-staedtepartner.de\/wp-content\/uploads\/2014\/10\/Dampfschiff_web-300x200.jpg\" alt=\"\" width=\"222\" height=\"151\" \/><\/a><\/p>\n<p>An jedem 2. Mittwoch im Monat um 19.00 Uhr findet im Dampfschiff ein zwangloser offener Stammtisch statt.<\/p>\n<p><span style=\"font-family: verdana, geneva, sans-serif; font-size: 18pt; color: #3366ff;\"><strong>Veranstaltungen 2020<\/strong><\/span><\/p>\n<ul>\n<li>Corona<\/li>\n<\/ul>\n<p><span style=\"font-family: verdana, geneva, sans-serif; font-size: 18pt; color: #3366ff;\"><strong>Veranstaltungen 2019<\/strong><\/span><\/p>\n<ul>\n<li>13. bis 17. Juni Besuch in Lyons-la Foret mit Flottenparade<\/li>\n<li>29. bis 30. Juni Rassomarkt<\/li>\n<li>22. November Filmabend<\/li>\n<li>6. bis 8. Dezember Weihnachtsmarkt<\/li>\n<\/ul>\n<p><span style=\"font-family: verdana, geneva, sans-serif; font-size: 18pt; color: #3366ff;\"><strong>Veranstaltungen 2018<\/strong><\/span><\/p>\n<ul>\n<li>12. bis 14. Januar Neujahrsempfang in Lyons-la Foret mit Unterzeichnung des Partnerschaftsvertrages<\/li>\n<li>1. Juli Br\u00fcckenfest<\/li>\n<li>16. November Filmabend<\/li>\n<li>7. bis 9. Dezember Weihnachtsmarkt<\/li>\n<\/ul>\n<p><span style=\"color: #3366ff; font-family: verdana,geneva,sans-serif; font-size: 18pt;\"><strong>Veranstaltungen 2017<\/strong><\/span><\/p>\n<ul>\n<li>Besuch aus Lyons-la Foret vom 22. bis 25.Juni<\/li>\n<li>24. bis 25. Juni Ausstellung im Sitzungssaal der Gemeinde Grafrath<br \/>\nsowie Stand beim Rasso-Markt 2017<\/li>\n<li>10. November Filmabend<\/li>\n<li>8. bis 10. Dezember Weihnachtsmarkt<\/li>\n<\/ul>\n<p><span style=\"font-family: verdana,geneva; font-size: 18pt; color: #3366ff;\"><strong>Veranstaltungen 2016<\/strong><\/span><\/p>\n<ul>\n<li>Besuch in Lyons-la Foret vom 13. bis 19.Juli<\/li>\n<li>11. November Franz\u00f6sischer Filmabend<\/li>\n<li>3. bis 5. Dezember Weihnachtsmarkt<\/li>\n<\/ul>\n<p><span style=\"font-family: verdana,geneva; font-size: 18pt; color: #3366ff;\"><strong>Veranstaltungen 2015<\/strong><\/span><\/p>\n<ul>\n<li>Besuch aus Lyons-la Foret<\/li>\n<li>30. April Tanz in den Mai<\/li>\n<li>2.\/3. Mai Bilderausstellung<\/li>\n<li>27.\/28. Juni Rassomarkt<\/li>\n<li>5.\/6. Dezember Weihnachtsmarkt<\/li>\n<\/ul>\n<p><strong><span style=\"font-family: verdana,geneva; font-size: 18pt; color: #3366ff;\">Veranstaltungen 2014<\/span><\/strong><\/p>\n<p><strong>Reise nach Lyons- la Foret<\/strong><\/p>\n<p>Eine 15- k\u00f6pfige Delegation des Deutsch- Franz\u00f6sischen Vereins Grafrath (DFVG) genoss in Lyons- la For\u00eat vom 13. -17. Juni die Gastfreundschaft des dortigen Partnerschaftsvereins und die Sch\u00f6nheit der dortigen Gegend. Nach unterschiedlich langen Anreisen erfolgte am Ankunftsfreitag die herzliche Aufnahme bei den Gastfamilien.<\/p>\n<p>Das Beobachten einer eindrucksvollen Oldtimer Rallye am Samstagvormittag lie\u00df den Tag entspannt angehen bis zum offiziellen Termin am Nachmittag:<\/p>\n<p>Die Einweihung des neu angelegten Arboretums, eines Lehrwaldes, vergleichbar unserem forstlichen Versuchsgarten. Diese Einweihung war eine gro\u00dfe Show mit Reden prominenter Regionalpolitiker und anspruchsvoller musikalischer Untermalung. Unser Gastgeschenk, 2 Baumpflanzen, die unser Versuchsgarten gespendet hatte (ein Urweltmammutbaum und ein Bergmammutbaum) wurde als w\u00fcrdiger Beitrag erfreut entgegengenommen.<\/p>\n<p>Der Abend begann mit einem Chorkonzert im Sitzungssaal des ehrw\u00fcrdigen Ratshauses, wo auch unsere Damen eine Kostprobe ihres gesanglichen K\u00f6nnens abgeben konnten.<\/p>\n<p>Anschlie\u00dfend nahmen wir an der Er\u00f6ffnung einer Bilderausstellung im stilvollen Dachgeschoss des gleichen Hauses teil. Dabei reifte der Plan, beim n\u00e4chsten Besuch unserer franz\u00f6sischen Freunde in Grafrath<\/p>\n<p>bei uns eine Kunstausstellung zu veranstalten. Der Abend klang aus mit einem gemeinsamen Essen in einem Vereinssaal im Nachbarort Lorleau. Dort begeisterten Susanne Ruf und Martina H\u00fcbner mit den Gruppent\u00e4nzen, an denen sich auch unsere Gastgeber engagiert beteiligten.<\/p>\n<p>Am Sonntag besichtigten wir in Saint &#8211; Paul den malerischen Garten des K\u00fcnstlers van Beek, einen stilvollen Park \u00e4hnlich dem von Monet, wo wir im gem\u00fctlichen Rahmen zu Mittag essen konnten.<\/p>\n<p>Der Nachmittag f\u00fchrte uns zu dem kleinen zauberhaften Dorf Gerberoy, das mit seinen 88 Einwohnern von Tausenden Besuchern des Festes der Rosen (Fete de la Rose) f\u00f6rmlich \u00fcberrollt wurde. Eine optische Augenweide!<\/p>\n<p>Der Tag klang aus mit einem gemeinsamen Abendessen auf dem Marktplatz von Lyons.<\/p>\n<p>Am Montag genossen wir neben dem gemeinsamen Mittagessen in Etretat an der Alabasterk\u00fcste die beeindruckenden Bilder der Felsformationen im Meer.<\/p>\n<p>Beim harmonischen Abschlussessen im Vereinssaal in Lorleau wurden schon Pl\u00e4ne geschmiedet f\u00fcr den Gegenbesuch unserer Freunde aus Lyons. Als Termin wurde der Zeitraum des 1. Mai 2015 festgelegt mit dem Event Maibaumaufstellen.<\/p>\n<p>Wenn man in der Deutsch-Franz\u00f6sischen Geschichte zur\u00fcck blickt, so muss man sich stets in Erinnerung rufen: Vor 100 Jahren begann der erste Weltkrieg, gegen unseren \u201eErbfeind\u201c Frankreich. Vor 40 Jahren startete die Invasion der Alliierten in der Normandie. Heute schlie\u00dfen wir Freundschaft mit Leuten aus eben dieser Gegend. Und vielleicht werden wir noch mit Lyons-la Foret eine St\u00e4dtepartnerschaft eingehen.<\/p>\n<p>Auf diese Entwicklung k\u00f6nnen wir stolz sein!<\/p>\n<p>Klaus Nerlich<\/p>\n","protected":false},"excerpt":{"rendered":"<p>Deutsch- Franz\u00f6sischer Verein Grafrath Stammtisch An jedem 2. Mittwoch im Monat um 19.00 Uhr findet im Dampfschiff ein zwangloser offener Stammtisch statt. Veranstaltungen 2020 Corona Veranstaltungen 2019 13. bis 17. Juni Besuch in Lyons-la Foret mit Flottenparade 29. bis 30. &hellip; <a href=\"https:\/\/dfvg.grafrath-staedtepartner.de\/?page_id=133\">Weiterlesen <span class=\"meta-nav\">&rarr;<\/span><\/a><\/p>\n","protected":false},"author":6,"featured_media":0,"parent":0,"menu_order":20,"comment_status":"closed","ping_status":"closed","template":"","meta":{"footnotes":""},"class_list":["post-133","page","type-page","status-publish","hentry"],"jetpack_sharing_enabled":true,"_links":{"self":[{"href":"https:\/\/dfvg.grafrath-staedtepartner.de\/index.php?rest_route=\/wp\/v2\/pages\/133","targetHints":{"allow":["GET"]}}],"collection":[{"href":"https:\/\/dfvg.grafrath-staedtepartner.de\/index.php?rest_route=\/wp\/v2\/pages"}],"about":[{"href":"https:\/\/dfvg.grafrath-staedtepartner.de\/index.php?rest_route=\/wp\/v2\/types\/page"}],"author":[{"embeddable":true,"href":"https:\/\/dfvg.grafrath-staedtepartner.de\/index.php?rest_route=\/wp\/v2\/users\/6"}],"replies":[{"embeddable":true,"href":"https:\/\/dfvg.grafrath-staedtepartner.de\/index.php?rest_route=%2Fwp%2Fv2%2Fcomments&post=133"}],"version-history":[{"count":20,"href":"https:\/\/dfvg.grafrath-staedtepartner.de\/index.php?rest_route=\/wp\/v2\/pages\/133\/revisions"}],"predecessor-version":[{"id":842,"href":"https:\/\/dfvg.grafrath-staedtepartner.de\/index.php?rest_route=\/wp\/v2\/pages\/133\/revisions\/842"}],"wp:attachment":[{"href":"https:\/\/dfvg.grafrath-staedtepartner.de\/index.php?rest_route=%2Fwp%2Fv2%2Fmedia&parent=133"}],"curies":[{"name":"wp","href":"https:\/\/api.w.org\/{rel}","templated":true}]}}